b - 1. What is m(w)?
3
Let d(c) be the first derivative of -c**3/3 - 7*c**2/2 + 6*c + 265. Calculate d(-6).
12
Let d(i) = -15*i**2 - 1. Suppose -5*p + 3 = z, -4*z - 8 = -4*p + 4. Calculate d(p).
-16
Let o(s) = -4 + 5 + 3 - s. Suppose y - 4*k + 16 = 0, -8*y - 13 = -5*y - 5*k. Determine o(y).
0
Let v(a) = 22 + 14 - 6*a + 18 - 84 + 17. What is v(-3)?
5
Let u(s) be the third derivative of -s**5/60 - s**4/4 - s**3/6 + 21*s**2. What is u(-7)?
-8
Let g(k) be the first derivative of k**2/2 + 10*k - 4. Calculate g(-17).
-7
Let f(z) be the second derivative of 0 - 1/24*z**4 + 10*z - 1/3*z**3 + 0*z**2 + 1/20*z**5. Let j(r) be the second derivative of f(r). What is j(1)?
5
Let n(j) = -3*j + 15. Suppose 10 = p - 4*g - 13, -3*g = 5*p - 23. Determine n(p).
-6
Suppose -4 = -3*w - w. Let b(p) be the first derivative of 9*p**4/4 - p**2/2 - 1465. Calculate b(w).
8
Let u(d) = -d + 1. Let s be 12/42 - (-259)/(-49). What is u(s)?
6
Let g(z) = -z**3 - 10*z**2 - 10*z - 15. Let l be g(-9). Let r(m) = -m**2 - 11*m + 5. Calculate r(l).
35
Suppose 4*p + 3*d - 11 = 6*d, -d = 5*p - 9. Suppose 0 = 4*j + 2*r - r + 33, p*j - r = -9. Let v(i) = -i**3 - 7*i**2 - 1. What is v(j)?
-1
Let r be 5 + 8*-1*(-8)/(-16). Let j(h) = h**2 - 3*h + 2. Calculate j(r).
0
Let w(a) = -2*a**2 + 5*a + 2. Let d = 2061 - 2063. Determine w(d).
-16
Let p(u) be the second derivative of -u**3/2 - 7*u**2/2 + 19*u. Determine p(-5).
8
Let s = -64 - -68. Suppose -d = 5, -5*d - 4 = c - s*d. Let t(l) = -9*l + 1. Give t(c).
-8
Let t(q) = 5*q + 4. Suppose 0 = -4235*l + 4230*l + 40. Determine t(l).
44
Let o(c) be the third derivative of 3*c**4/8 - c**3/6 - 156*c**2 + 2*c. Calculate o(-1).
-10
Let w(k) = k**3 + 3*k**2 - 3*k + 3. Let p = -735 + 732. What is w(p)?
12
Let m(c) = -c**3 + 2*c**2 + 2*c - 1. Let j = -20 - -4. Let f = 18 + j. Determine m(f).
3
Let q = -7 - -1. Let i(y) = 7*y**3 + 6*y**2 - 5*y + 5. Let g(x) = -x**3 + x. Let p(c) = q*g(c) - i(c). Let w be (16/10)/(56/(-210)). Calculate p(w).
1
Let f(l) = 8*l + 45. Let s(y) = -9*y - 38. Let k(u) = -5*f(u) - 6*s(u). Give k(-3).
-39
Let t(y) be the second derivative of y**5/20 + 2*y**4/3 + 4*y**3/3 - 5*y**2/2 - 193*y. What is t(-7)?
-12
Let r(v) = 8*v + 1. Let a(h) = -11*h. Let s(l) = 3*a(l) + 4*r(l). Calculate s(-4).
8
Let h(g) = g + 13. Suppose -4*p + 20 = -5*u, 4*p - u + 4 = -2*u. Suppose p*k - 5*k = 55. Let i = -18 - k. Give h(i).
6
Let i be 2 + (4 - -1 - 2). Let l(m) = 4*m**3 + 9*m**2 + 8*m + 5. Let s(z) = z**3 + z**2 + z + 1. Let h(y) = i*s(y) - l(y). What is h(4)?
-12
Let q(y) = 2*y + 11. Let h(a) = 4*a**3 + 48*a**2 + 2*a + 24. Let l be h(-12). Determine q(l).
11
Let g(o) = 4*o**3 - 3*o + 1. Let n = 32 + -37. Let t(c) = 2 + 3*c - 9*c**3 - 5 + 3*c + c. Let s(i) = n*g(i) - 2*t(i). What is s(-1)?
2
Suppose -2*f - 5*z = -11, z = -7*f + 8*f - 2. Let p(k) be the third derivative of 0 + 2*k**2 + 5/8*k**4 + 0*k + 0*k**f. Calculate p(1).
15
Let d(h) = -93*h + 2. Let q(u) = 43*u - 1. Let x(k) = -6*d(k) - 13*q(k). Suppose 2 = -3*r + 8. Determine x(r).
-1
Let v(t) = t**3 - 9*t**2 + 2*t - 8. Let p(j) = -j**3 - 6*j**2 + 14*j + 58. Let a be p(-7). Give v(a).
10
Let l(a) = 2*a + 8. Let x(o) = 13*o + 17. Let k be x(-2). What is l(k)?
-10
Let s(z) = 2*z**3 + z**2 + 6*z - 5. Let l be s(1). Let k(h) be the first derivative of 1/4*h**4 - 4 - 5/3*h**3 + 2*h**2 - l*h. Determine k(4).
-4
Let w(o) = -270 + 4*o - 2*o + 275. Calculate w(-4).
-3
Let r(x) = 3 - 4*x**3 - x + 10 + 3 - 15. What is r(1)?
-4
Let p(x) be the first derivative of -21 + 2/3*x**3 - 2*x**2 + 3*x. What is p(2)?
3
Let s(n) = 2*n - 122 + 60 + 4*n**3 - n**2 - 5*n**3 + 60 - 5*n. Give s(3).
-47
Let s(x) be the first derivative of -x**2/2 - 4*x - 139. Determine s(0).
-4
Suppose 22*c + 938 = 850. Let g(p) = -2*p - 6. Calculate g(c).
2
Let j(x) = x**2 - 7*x + 6. Let q be j(1). Let o(n) = -n - 46. Determine o(q).
-46
Suppose 4*f = -5*o + 8, 7*f = 5*o + 3*f + 8. Let m be (3 + 0/3)/1. Suppose m = r - o. Let p(t) = t**3 - 4*t**2 + 4*t - 4. Calculate p(r).
-1
Let o be (-36)/(-20) + (-1)/(-5). Let j(n) = -4*n**2 + 0 + 5 + n**3 - 3 + 4*n - o*n. Calculate j(3).
-1
Let n(a) = -a**2 - 7*a + 8. Suppose -4*c + 24 = -3*c. Suppose 4*u = -0*u - c. Determine n(u).
14
Let a(b) = 5*b - 10 - b + 2*b**2 + 9. Suppose 0 = -4*i - 4*f + 28, 2*f + 0 = 2. Suppose r - 3 = 2*c, 3*c + 2*r - 3 = i*r. What is a(c)?
5
Suppose -2*v - 9 = 3*m - 4, 2*m = -5*v - 18. Let w be (1/m)/(4/8). Suppose 3*b + w = -7. Let x(r) = r**3 + 4*r**2 + 5*r + 2. What is x(b)?
-4
Let d(c) = c**3 + 7*c**2 + 7*c + 8. Let w be d(-6). Let f(t) = -w*t + 8 - 5*t - 3*t + 0*t. Let u(g) = 11*g - 9. Let z(l) = 5*f(l) + 4*u(l). Give z(3).
-14
Let y be -3 - 4/(-10)*(-120)/(-6). Suppose -y*u - 3*u = 40. Let q(w) = w**2 + w - 7. What is q(u)?
13
Let q(j) = -2*j**2 + j + 2630 + 3*j**2 - 2627 - 5*j. Suppose -6*v = -5*v. Suppose 4*s - 17 + 1 = v. Calculate q(s).
3
Let t(k) = k**2 - 13*k + 33. Let o be t(10). Let l(x) = 4*x - 4 + 0*x + 5 - o*x. Calculate l(4).
5
Suppose 0 = -25*g - 10*g - 70. Let z(s) = 4*s**3 - 3*s**2 - s + 4. Calculate z(g).
-38
Let x = -5 + 4. Suppose k - 25 + 23 = 0. Let g(n) = -2 - 4 - k*n + 4 - 3*n**3 + 1 - n**2. Calculate g(x).
3
Let a = -29 - -28. Let v(b) = -b**3 + b**2 + 1. Let d(r) = -4*r**3 + 8*r**2 - 5*r + 9. Let p(t) = a*d(t) + 3*v(t). Calculate p(4).
-2
Let o(z) = 3 + 1985*z**3 + 2*z**2 - 3*z + 7*z**2 - 1987*z**3 - 3*z**2 - 3*z**2. Determine o(2).
-7
Suppose -3*m - 9 = 0, 3*m = -2*j - 3 - 0. Let t(k) = 2*k**3 - 3*k**2 + 4*k - 8. Let y be t(2). Let f(a) = -y - 2*a + 6*a - 4*a + a. Give f(j).
-1
Let n(c) = -4*c**3 - c**2 - c + 8. Let f(t) = 3*t**3 + 2*t - 7. Let o be -2*1 + 5*(-12)/30. Let x(l) = o*n(l) - 5*f(l). Calculate x(-5).
8
Let k(b) be the third derivative of b**4/12 - 3*b**3/2 + 137*b**2. Give k(10).
11
Let y(l) = -2*l**2 + 3*l - 18. Let q(v) = -v**2 + 2*v - 11. Let j(s) = 5*q(s) - 3*y(s). Give j(-3).
5
Let c(x) be the first derivative of x**4/4 - 4*x**3/3 - x**2 + x + 28. Determine c(5).
16
Let x(r) = -r**2 + 3*r + 7. Let w(p) = p**2 - 4*p. Let z be 0/4*(-1)/3. Let o(c) = -c**2 - c + 5. Let s be o(z). Let y be w(s). Determine x(y).
-3
Let b be (4/2)/(2 - 0). Let q(i) be the first derivative of i**4/2 - i**2/2 + i + 148. Give q(b).
2
Let q be (-2)/(-9) - (-1586)/234. Let o(f) = 7 + q*f - f - 5*f. Give o(-3).
4
Let w(d) = 6*d - 6*d - d - 12 - d. Determine w(-11).
10
Let l(y) be the second derivative of y**4/4 - y**3/6 + 72*y. Give l(-1).
4
Let g(x) = -x**2 - 5*x + 2. Let q = 35 - 32. Let f be (3 + (q - 4))/((-4)/6). Determine g(f).
8
Let y(c) = -71*c - 5. Let k be y(0). Let h(x) = 2*x**2 + 12*x + 7. Calculate h(k).
-3
Let t(d) be the second derivative of -d**5/20 + 2*d**4/3 + d**3/6 + 11*d**2/2 + d - 117. What is t(8)?
19
Let m(z) = z**3 - 4*z**2 + 3*z + 2. Suppose 3*b = -3*j - 9, 3*b + 24 = -j + 11. Determine m(j).
0
Let n(b) = -4*b**3 + b**2 - 12*b. Let r(h) = 3*h**3 + 11*h - 1. Let t(s) = -4*n(s) - 5*r(s). Give t(5).
-5
Let o(w) = 2*w + 9. Let k(q) be the first derivative of -5*q**2/2 - 26*q + 13. Let n(t) = -3*k(t) - 8*o(t). Give n(6).
0
Let w = -60 - -114. Let x(s) = w*s + s**2 - 3 - 112*s + 57*s. Give x(3).
3
Suppose 2*k - 7 - 1 = 0. Suppose 5*h + k = 3*h. Let t(n) be the second derivative of n**5/20 + n**4/12 + n**3/3 + n**2 - 2*n. Give t(h).
-6
Let h(x) = -x**3 - 7*x**2 - 5*x + 1. Let a(k) = 2*k**2 + 6*k - 6*k**2 - 5*k**3 + 6*k**3 - 9. Let j be a(6). Let i be (-6)/(-10) + j/(-15). Determine h(i).
-5
Let x(v) = -v**2 + v + 23. Let s(r) = r**2 - 54*r - 171. Let k be s(57). Determine x(k).
23
Let k(t) = -39*t - 404. Let q be k(-10). Let z(y) = y**3 + 13*y**2 - 13*y - 7. Calculate z(q).
-21
Suppose -56 = -9*b + 13*b. Let v be ((-35)/b)/((-2)/4). Let r(f) = f. What is r(v)?
-5
Let f(g) = g**3 - 4*g**2 - g - 5 + 0 - 4*g. Suppose 85 = 4*i + i. Let n = i - 12. Determine f(n).
-5
Let j(c) = -3*c. Let l(g) = -g**3 + 11*g**2 - 10*g + 4. Let v be l(10). Let r be (-85)/(-25) + v/(-10). Determine j(r).
-9
Let g(o) = -o**2 + o + 1. Let s(r) = -17*r**3 - 5*r**2 + 5*r + 5. Let f(p) = -5*g(p) + s(p). What is f(1)?
-17
Let i(y) be the third derivative of y**6/120 + 2*y**5/15 + 7*y**4/24 + 7*y**3/6 - y**2. Let p be (-135)/20 + 2*(-5)/40. Calculate i(p).
7
Let f(w) = w**3 - 5*w**2 + 2*w - 4. Suppose 4*n + 0 = -j - 3, -2*n = -4. Let a(b) = b**2 + 14*b + 38. Le